base 14, what is 523 - 8dd?
-3ba
In base 9, what is -38527 + 2?
-38525
In base 5, what is -3244343 + 11?
-3244332
In base 11, what is 3550 - -75?
3615
In base 15, what is -ea4 - 11a?
-10be
In base 8, what is 1042 + -721?
121
In base 8, what is -330554 - 1?
-330555
In base 15, what is -1 - -2452?
2451
In base 2, what is 110000101 - -101001110010?
101111110111
In base 2, what is -11001011 - 11011000001?
-11110001100
In base 11, what is -127907 - -4?
-127903
In base 15, what is 8 + -d66?
-d5d
In base 13, what is -4113 - -7?
-4109
In base 16, what is 106 + -440?
-33a
In base 7, what is 13 + 11413?
11426
In base 11, what is 2 + -2942a?
-29428
In base 7, what is 303 - -11?
314
In base 12, what is -1 - -44b86?
44b85
In base 15, what is -b3 - 560a?
-56bd
In base 8, what is -4 + 7527556?
7527552
In base 11, what is 6630 - -27?
6657
In base 14, what is -22 - -ab7?
a95
In base 3, what is -10220211110021 - 12?
-10220211110110
In base 8, what is -2406 + -175?
-2603
In base 9, what is 481 + 0?
481
In base 7, what is -4 + -105555?
-105562
In base 5, what is -241 + 323334?
323043
In base 10, what is 5 + 272622?
272627
In base 4, what is 113021020 + -13?
113021001
In base 9, what is 137 + -203?
-55
In base 2, what is 1011110000 - 1000?
1011101000
In base 14, what is 12d38 - -3?
12d3b
In base 3, what is -11202 + -10?
-11212
In base 5, what is 3232223 + 4?
3232232
In base 14, what is -2c + 2394b?
2391d
In base 16, what is 6bb6 - -5?
6bbb
In base 6, what is 353411 - -3?
353414
In base 15, what is 663 + -1e?
644
In base 10, what is 97976 + 27?
98003
In base 10, what is 4 - -4378?
4382
In base 13, what is 1 - -2b579?
2b57a
In base 3, what is -1112 + -1212222?
-1221111
In base 14, what is -481378 + 0?
-481378
In base 15, what is 750 - -4?
754
In base 3, what is -10121 - 112102?
-200000
In base 7, what is 31203 - -13?
31216
In base 12, what is -2 - -37121?
3711b
In base 7, what is -13164 - 4?
-13201
In base 14, what is 146 - 4c?
d8
In base 14, what is -2837 - -c0?
-2757
In base 6, what is -22521 - 22?
-22543
In base 4, what is -10 + 11132033002?
11132032332
In base 7, what is -46346 - 122?
-46501
In base 11, what is -793224 + 0?
-793224
In base 6, what is -133 + 31122?
30545
In base 7, what is -654612 + 3?
-654606
In base 15, what is 3 + -11146?
-11143
In base 13, what is -10a232 + -2?
-10a234
In base 4, what is 11332 + -2031332?
-2020000
In base 5, what is 2131332 + 0?
2131332
In base 13, what is -20 + 368?
348
In base 12, what is -9 - 23a72?
-23a7b
In base 14, what is -2 + -1c5d?
-1c61
In base 13, what is 124 + 199?
2c0
In base 10, what is 568 - -54?
622
In base 12, what is 10 + -6458?
-6448
In base 4, what is 20120 - -11003?
31123
In base 11, what is 0 + 159a75?
159a75
In base 7, what is 2002031 + -2?
2002026
In base 3, what is -2201 + -202011?
-211212
In base 3, what is -2000220 + -202?
-2001122
In base 3, what is -11 + 212200101011?
212200101000
In base 7, what is -4 + -104414?
-104421
In base 2, what is -101101101001111000 + 100?
-101101101001110100
In base 11, what is -8 + -2684?
-2691
In base 2, what is -1111101000011111 - 110111?
-1111101001010110
In base 16, what is -7 + -1a9e?
-1aa5
In base 10, what is 169 - 1152?
-983
In base 2, what is -100001101110 + 1011?
-100001100011
In base 4, what is 100302 - -202?
101110
In base 12, what is 16 - -25a?
274
In base 4, what is -110012121 + -1?
-110012122
In base 6, what is 5223 - -540?
10203
In base 15, what is -3d - -162?
124
In base 13, what is 1b4 - -5?
1b9
In base 6, what is 52 - 254415?
-254323
In base 4, what is 313330133001 - 3?
313330132332
In base 16, what is -b44 + -180?
-cc4
In base 5, what is -2313 + 112?
-2201
In base 3, what is 1112020010211 + 0?
1112020010211
In base 9, what is 1436 - 107?
1328
In base 16, what is -2 + be3c?
be3a
In base 5, what is 3 + 112023210?
112023213
In base 2, what is 1011 - -101010110111010011?
101010110111011110
In base 3, what is 0 - -2112012210000?
2112012210000
In base 10, what is -53 - 709?
-762
In base 4, what is -2013 + -12310?
-20323
In base 2, what is -101 - 100011001110011?
-100011001111000
In base 10, what is -1283 + 557?
-726
In base 9, what is -1 - -363630?
363628
In base 11, what is 2543 - 26?
2518
In base 2, what is -100101010110 - -100001?
-100100110101
In base 4, what is 20333210 + 1112?
21000322
In base 15, what is -56 - 3e?
-95
In base 9, what is -5147 + -11?
-5158
In base 13, what is 6 + -293?
-28a
In base 5, what is 10 - -3321140?
3321200
In base 2, what is 100000101100 + -1011?
100000100001
In base 15, what is 5 + -1aa1?
-1a9b
In base 12, what is -212 - 2a?
-240
In base 13, what is -5 + 2043a6?
2043a1
In base 10, what is 6 + -587284?
-587278
In base 3, what is 0 + -2000221121120?
-2000221121120
In base 5, what is -4 + -2204324?
-2204333
In base 11, what is 7759 + -17?
7742
In base 12, what is -1808 - -53?
-1775
In base 4, what is 0 + -111033122?
-111033122
In base 2, what is -11100010 + -10111100101000?
-11000000001010
In base 13, what is -ccb + b?
-cc0
In base 3, what is -121001122 - 22?
-121001221
In base 5, what is 0 + 130141430?
130141430
In base 12, what is 6 - 3aab2?
-3aaa8
In base 13, what is -20 + -2480?
-24a0
In base 16, what is 5f606 + -4?
5f602
In base 16, what is -b61e4 + -3?
-b61e7
In base 8, what is -5650 - -54?
-5574
In base 14, what is -7b9 - -9?
-7b0
In base 15, what is 1 - 88c9?
-88c8
In base 9, what is -70 - 644?
-724
In base 12, what is -10 - a2479?
-a2489
In base 16, what is -e - -3f5?
3e7
In base 2, what is -110000001110011 + 100?
-110000001101111
In base 6, what is 352 + 13151?
13543
In base 5, what is -100200 - 1414?
-102114
In base 11, what is 3786 - -10?
3796
In base 9, what is -10 + 520?
510
In base 4, what is 1 - -13313313?
13313320
In base 3, what is 1 - 21001001211?
-21001001210
In base 12, what is 5a651 - -19?
5a66a
In base 12, what is -2051 + -13?
-2064
In base 7, what is 12 + -4221?
-4206
In base 5, what is 4304 - 223?
4031
In base 15, what is 48 - 127?
-ce
In base 8, what is 5 - 3111523?
-3111516
In base 4, what is -1012213 - -22?
-1012131
In base 15, what is -57 + -17a?
-1d2
In base 3, what is -2120100 + 21121?
-2021202
In base 2, what is 100 - -10000111010000010010?
10000111010000010110
In base 7, what is 24 - 1010?
-653
In base 14, what is -82d - -1ac?
-661
In base 16, what is -5 - 5153e?
-51543
In base 12, what is -5 + 40130?
40127
In base 14, what is 1b - -83d?
85a
In base 3, what is 10022100 - 1202?
10020121
In base 8, what is 221075 - 5?
221070
In base 7, what is 0 - -1015662?
1015662
In base 10, what is 335 - -11?
346
In base 4, what is 213 + 23310023?
23310302
In base 4, what is 101110 - -1032?
102202
In base 6, what is -113 + 2045?
1532
In base 15, what is -54c09 + 4?
-54c05
In base 5, what is 2 - -1104243?
1104300
In base 8, what is -3 + 24410?
24405
In base 6, what is 11 + 52404?
52415
In base 8, what is 4 - -70333?
70337
In base 12, what is -17 - 823b?
-8256
In base 16, what is 8 - 10aeb?
-10ae3
In base 5, what is 21342 - -10300?
32142
In base 12, what is 136 + 354b?
3685
In base 9, what is 881 - 413?
467
In base 15, what is 24 + -14c4?
-14a0
In base 12, what is 1 + 301759?
30175a
In base 6, what is -2 - -34335031?
34335025
In base 10, what is -68997 + 2?
-68995
In base 12, what is -a - 517b8?
-51806
In base 2, what is 11011011010011000 + -100?
11011011010010100
In base 4, what is -322221323 - 10?
-322221333
In base 11, what is -1a920 - -31?
-1a89a
In base 12, what is -76275 + -4?
-76279
In base 12, what is 12b + -54?
97
In base 6, what is -34243 + 21?
-34222
In base 10, what is -16 - -87873?
87857
In base 9, what is 1037 - -8450?
10487
In base 2, what is 1111001111010 + -111?
1111001110011
In base 4, what is 10212 - 2313231?
-2303013
In base 6, what is -3 - -21231152?
21231145
In base 5, what is -2 + 241034?
241032
In base 13, what is 68c + -81?
60b
In base 9, what is -3185 - -47?
-3137
In base 15, what is 281a06 + -4?
281a02
In base 6, what is 110530521 + 5?
110530530
In base 10, what is -5 - -145206?
145201
In base 5, what is 13 + -1141231?
-1141213
In base 7, what is -5 + 553343?
553335
In base 3, what is -10 - -1220111100?
1220111020
In base 6, what is -3 - 130311?
-130314
In base 14, what is -2 + -10c1?
-10c3
In base 10, what is 210 - 8113?
-7903
In base 5, what is 2411 + -1021?
1340
In base 11, wha